{"id":30,"date":"2020-03-17T18:20:29","date_gmt":"2020-03-17T21:20:29","guid":{"rendered":"http:\/\/comvoce.unifagoc.edu.br\/?page_id=30"},"modified":"2024-11-11T15:31:21","modified_gmt":"2024-11-11T18:31:21","slug":"inicio","status":"publish","type":"page","link":"https:\/\/comvoce.unifagoc.edu.br\/","title":{"rendered":""},"content":{"rendered":"\n<!--CONTATOS-->\n<div class=\"principal\">\n  <p>O portal comvoce.unifagoc foi desenvolvido para orientar os colaborados, alunos e professores na utiliza\u00e7\u00e3o dos sistemas adotados pelo Unifagoc. <br>\nAqui voc\u00ea encontrar\u00e1 tutoriais para auxiliar na execu\u00e7\u00e3o de processos, um FAQ contendo d\u00favidas frequentes j\u00e1 respondidas, mostramos tamb\u00e9m as formas de entrar em contato com um de nossos atendentes, al\u00e9m de uma breve apresenta\u00e7\u00e3o dos sistemas Unifagoc e suas funcionalidades.<\/p><br><br>\n  <h3>Confira as formas que voc\u00ea pode se informar e se comunicar conosco:<\/h3>\n<\/div>\n\n<div class=\"contatos\">\n  <div class=\"contato\">\n      <img decoding=\"async\" src=\"https:\/\/comvoce.unifagoc.edu.br\/wp-content\/uploads\/2020\/03\/undraw_site_stats_q.png\" alt=\"\">\n      <p>Acesse nosso site e mantenha-se atualizado<\/p>\n      <a href=\"https:\/\/unifagoc.edu.br\/\">Acessar o site<\/a>\n  <\/div>\n\n  <div class=\"contato\">\n      <img decoding=\"async\" src=\"https:\/\/comvoce.unifagoc.edu.br\/wp-content\/uploads\/2020\/03\/undraw_calling_kpbp.png\" alt=\"\">\n      <p>De Segunda \u00e0 sexta.<br>Das 08:00 \u00e0s 22:40<\/p>\n      <a>(32) 3539-5600<\/a><br>\n      <a>0800 037 5600<\/a><br>\n  <\/div>\n\n  <div class=\"contato\">\n      <img decoding=\"async\" src=\"https:\/\/comvoce.unifagoc.edu.br\/wp-content\/uploads\/2020\/03\/undraw_researching_22gp.png\" alt=\"\">\n      <p>Abra um chamado para nossa equipe de suporte.<\/p>\n      <a href=\"https:\/\/suporte.unifagoc.edu.br\/\">Acesse nosso Sistema de Suporte<\/a>\n  <\/div>\n\n  <div class=\"contato\">\n      <img decoding=\"async\" src=\"https:\/\/comvoce.unifagoc.edu.br\/wp-content\/uploads\/2020\/03\/undraw_messaging_uok8.png\" alt=\"\">\n      <p>Envie sua d\u00favida de forma r\u00e1pida e pr\u00e1tica em nossos canais de atendimento:<\/p>\n      <a href=\"https:\/\/wa.me\/5532999035600\">Atendimento WhatsApp<\/a><br>\n  <\/div>\n\n  <div class=\"contato\">\n    <img decoding=\"async\" src=\"https:\/\/comvoce.unifagoc.edu.br\/wp-content\/uploads\/2024\/07\/faq-para-loja-virtual-scaled-1.png\" alt=\"\">\n    <p>Sua d\u00favida pode estar aqui. Clique aqui para acessar nosso Perguntas Frequentes<\/p>\n    <a href=\"https:\/\/comvoce.unifagoc.edu.br\/?page_id=540\">FAQ Unifagoc<\/a><br>\n  <\/div>\n\n  <div class=\"contato\">\n    <img decoding=\"async\" src=\"https:\/\/comvoce.unifagoc.edu.br\/wp-content\/uploads\/2024\/07\/Novo-Projeto-2.png\" alt=\"\">\n    <p>Acesse os artigos e tutorias desenvolvidos para ajudar em nossos processos<\/p>\n    <a href=\"https:\/\/comvoce.unifagoc.edu.br\/?cat=33\">Acesse aqui<\/a><br>\n  <\/div>\n\n<\/div>\n\n<h1 style=\"text-align: center; margin-top: 60px;\">Acesse os sistemas UNIFAGOC<\/h1>\n\n<div class=\"sistemas\">\n\n<div class=\"sistema\">\n  <img decoding=\"async\" src=\"https:\/\/comvoce.unifagoc.edu.br\/wp-content\/uploads\/2024\/05\/portalaluno.png\" alt=\"\">\n  <div class=\"descricao\"> \n      <span class=\"titulo\"><strong>PORTAL DO ALUNO<\/strong><\/span>\n      <span class=\"texto\">\n          O Portal do Aluno foi desenvolvido para que ele possa acompanhar seu desenvolvimento acad\u00eamico, consultar suas notas, faltas, disciplinas, realizar requerimentos e acessar as bibliotecas Unifagoc.\n      <\/span>\n      <a href=\"https:\/\/portalaluno.unifagoc.edu.br\/\" class=\"btn\" target=\"_blank\" rel=\"noopener\">Acesse aqui<\/a>\n  <\/div>\n<\/div>\n\n<div class=\"sistema\">\n  <img decoding=\"async\" src=\"https:\/\/comvoce.unifagoc.edu.br\/wp-content\/uploads\/2024\/05\/portaldoprofessor.png\" alt=\"\">\n  <div class=\"descricao\"> \n      <span class=\"titulo\"><strong>PORTAL DO PROFESSOR<\/strong><\/span>\n      <span class=\"texto\">\n          O Portal do Professor \u00e9 o sistema em que ele realiza os cadastros de avalia\u00e7\u00f5es, lan\u00e7amento de chamadas, realiza requerimentos acad\u00eamicos e acompanha o progresso acad\u00eamico de seus alunos durante o semestre.\n      <\/span>\n      <a href=\"https:\/\/portalprofessor.unifagoc.edu.br\/\" class=\"btn\" target=\"_blank\" rel=\"noopener\">Acesse aqui<\/a>\n  <\/div>\n<\/div>\n\n<div class=\"sistema\">\n  <img decoding=\"async\" src=\"https:\/\/comvoce.unifagoc.edu.br\/wp-content\/uploads\/2024\/01\/2019_CanvasLogoStacked_Color.jpg\" alt=\"\">\n  <div class=\"descricao\"> \n      <span class=\"titulo\"><strong>CANVAS<\/strong><\/span>\n      <span class=\"texto\">\n          O Canvas \u00e9 a plataforma em que os professores disponibilizam os materiais did\u00e1ticos das disciplinas, al\u00e9m de seus trabalhos e notas.\n      <\/span>\n      <a href=\"https:\/\/unifagoc.instructure.com\/login\/ldap\" class=\"btn\" target=\"_blank\" rel=\"noopener\">Acesse aqui<\/a>\n  <\/div>\n<\/div>\n\n<div class=\"sistema\">\n  <img decoding=\"async\" src=\"https:\/\/comvoce.unifagoc.edu.br\/wp-content\/uploads\/2024\/05\/logo-conecta-UNIFAGOC.png\" alt=\"\">\n  <div class=\"descricao\"> \n      <span class=\"titulo\"><strong>CONECTA<\/strong><\/span>\n      <span class=\"texto\">\n          Plataforma de integra\u00e7\u00e3o entre os sistemas Unifagoc onde s\u00e3o aplicadas as Avalia\u00e7\u00f5es Institucionais, chamadas de Internato, onde os professores acessam as bibliotecas Unifagoc, entre outros processos.\n      <\/span>\n      <a href=\"https:\/\/conecta.unifagoc.edu.br\/\" class=\"btn\" target=\"_blank\" rel=\"noopener\">Acesse aqui<\/a>\n  <\/div>\n<\/div>\n\n<div class=\"sistema\">\n  <img decoding=\"async\" src=\"https:\/\/comvoce.unifagoc.edu.br\/wp-content\/uploads\/2024\/05\/mEU-rh.png\" style=\"background-color: black;\" alt=\"\">\n  <div class=\"descricao\"> \n      <span class=\"titulo\"><strong>MEU RH<\/strong><\/span>\n      <span class=\"texto\">\n          Com o Meu RH, o colaborador do UNIFAGOC pode registrar seu ponto remotamente, solicitar e consultar suas f\u00e9rias, acessar seus envelopes de pagamento, entre outras informa\u00e7\u00f5es importantes.\n      <\/span>\n      <a href=\"https:\/\/meurh.unifagoc.edu.br\/\" class=\"btn\" target=\"_blank\" rel=\"noopener\">Acesse aqui<\/a>\n  <\/div>\n<\/div>\n\n<div class=\"sistema\">\n  <img decoding=\"async\" src=\"https:\/\/comvoce.unifagoc.edu.br\/wp-content\/uploads\/2024\/07\/qstione.png\" style=\"background-color: black;\" alt=\"\">\n  <div class=\"descricao\"> \n      <span class=\"titulo\"><strong>QSTIONE<\/strong><\/span>\n      <span class=\"texto\">\n          Sistema destinado ao cadastro de quest\u00f5es de avalia\u00e7\u00f5es das disciplinas e elabora\u00e7\u00e3o de provas. Pode ser usado tamb\u00e9m para aplica\u00e7\u00e3o de Avalia\u00e7\u00f5es Online.\n      <\/span>\n      <a href=\"https:\/\/fagoc.qstione.com.br\/qstione\/index.php\/default\/login\" class=\"btn\" target=\"_blank\" rel=\"noopener\">Acesse aqui<\/a>\n  <\/div>\n<\/div>\n\n<div class=\"sistema\">\n  <img decoding=\"async\" src=\"https:\/\/comvoce.unifagoc.edu.br\/wp-content\/uploads\/2024\/07\/docexpressn.jpg\" style=\"background-color: black;\" alt=\"\">\n  <div class=\"descricao\"> \n      <span class=\"titulo\"><strong>DOC EXPRESS<\/strong><\/span>\n      <span class=\"texto\">\n          Ferramenta de Gerenciamento Eletr\u00f4nico de Documentos (GED), ou seja, permite a localizar, armazenar e compartilhar os documentos digitais de uma forma facilitada. Al\u00e9m disso, o sistema possui uma ferramenta de autentica\u00e7\u00e3o e assinatura digital desses arquivos.\n      <\/span>\n      <a href=\"https:\/\/ged.docxpress.com.br\/Login\/\" class=\"btn\" target=\"_blank\" rel=\"noopener\">Acesse aqui<\/a>\n  <\/div>\n<\/div>\n\n<div class=\"sistema\">\n  <img decoding=\"async\" src=\"https:\/\/comvoce.unifagoc.edu.br\/wp-content\/uploads\/2024\/07\/logo-rubeus.jpg\" style=\"background-color: black;\" alt=\"\">\n  <div class=\"descricao\"> \n      <span class=\"titulo\"><strong>RUBEUS<\/strong><\/span>\n      <span class=\"texto\">\n          Plataforma de ger\u00eancia dos vestibulares do Unifagoc, onde s\u00e3o configurados os Processos Seletivos e suas etapas, al\u00e9m do acompanhamento das inscri\u00e7\u00f5es e matr\u00edculas.\n      <\/span>\n      <a href=\"https:\/\/crmunifagoc.apprubeus.com.br\/\" class=\"btn\" target=\"_blank\" rel=\"noopener\">Acesse aqui<\/a>\n  <\/div>\n<\/div>\n\n<div class=\"sistema\">\n  <img decoding=\"async\" src=\"https:\/\/comvoce.unifagoc.edu.br\/wp-content\/uploads\/2024\/07\/educonnect.png\" style=\"background-color: black;\" alt=\"\">\n  <div class=\"descricao\"> \n      <span class=\"titulo\"><strong>EDUCONNECT<\/strong><\/span>\n      <span class=\"texto\">\n          O EduConnect \u00e9 um aplicativo para celulares desenvolvido para que o aluno possa acompanhar seu desenvolvimento acad\u00eamico, consultar suas notas, faltas, disciplinas. \u00c9 uma interface semelhante ao Portal do Aluno. \n      <\/span>\n      <a href=\"https:\/\/comvoce.unifagoc.edu.br\/?p=8027\" class=\"btn\" target=\"_blank\" rel=\"noopener\">Download e Instala\u00e7\u00e3o<\/a>\n  <\/div>\n<\/div>\n\n<div class=\"sistema\">\n  <img decoding=\"async\" src=\"https:\/\/comvoce.unifagoc.edu.br\/wp-content\/uploads\/2024\/07\/unifagoc.jpeg\" style=\"background-color: black;\" alt=\"\">\n  <div class=\"descricao\"> \n      <span class=\"titulo\"><strong>BANCO DE TALENTOS<\/strong><\/span>\n      <span class=\"texto\">\n          Plataforma de cadastros de curr\u00edculos profissionais e sele\u00e7\u00e3o de candidatos para processos seletivos para vagas de colaboradores do Unifagoc.\n      <\/span>\n      <a href=\"https:\/\/meurh.unifagoc.edu.br\/FrameHTML\/RM\/Rhu-BancoTalentos\/#\/RM\/Rhu-BancoTalentos\/home\" class=\"btn\" target=\"_blank\" rel=\"noopener\">Acesse aqui<\/a>\n  <\/div>\n<\/div>\n\n\n<\/div>\n\n<!--CSS-->\n<style>\n  a {\n      text-decoration: none;\n      color: rgb(60, 132, 118);\n  }\n\n  h4 {\n      color: rgb(60, 132, 118);\n      margin-left: 2rem;\n  }\n\n  h3 {\n      color: black;\n  }\n\n  .descricao {\n      display: flex;\n      flex-direction: column;  \n      align-items: flex-start; \n      gap: 10px;\n      text-align: start;  \n      justify-content: center;       \n  }\n\n  .btn {\n      border-radius: 2px;\n      font-weight: 700;\n      text-transform: uppercase;\n      padding: 7px 30px;\n      font-size: 12px;\n      color: #fff;\n      background-color:  rgb(60, 132, 118);\n  }\n\n  .botoes-principais {\n      background-color: rgb(60, 132, 118);\n      width: 9rem;\n      padding: .9rem;\n      font-weight: 600;\n      font-size: 13px;\n      margin: 1rem;\n      border-radius: 2px;\n      text-transform: uppercase;\n      border: none;\n      outline: none;\n      cursor: pointer;\n  }\n\n  .btns a {\n      color: white;\n      text-align: center;\n      text-decoration:none;\n  }\n\n  .btn:hover {\n      background-color: #53aa9b;\n      color: #fff;\n  }\n\n  .botoes-principais:hover {\n      background-color: #53aa9b;\n  }\n\n  .btns {\n      margin-bottom: 1rem;\n      display: flex;\n      justify-content: center;\n  }\n\n  .cards {\n      display: flex;\n      justify-content: center;\n  }\n\n  .card {\n      width: 25%;\n      margin: 0 1rem 1rem 1rem;\n      padding: 1rem;\n      text-align: left;\n      border-left: 5px solid transparent;\n      border-radius: 5px;\n      box-shadow: 0 0 12px 0 rgba(0, 0, 0, 0.2);\n  }\n\n  .card:hover {\n      border-left: 5px solid rgb(60, 132, 118);\n      ;\n  }\n\n  .principal {\n      padding: 0 0 0 5rem;\n      margin: 3rem 0 3rem 0;\n  }\n\n  .contatos {\n      margin-top: 3rem;\n      display: flex;\n      justify-content: center;\n  }\n\n  .contato {\n      width: 20%;\n      text-align: center;\n  }\n\n  .sistemas {\n      margin-top: 3rem;\n      display: flex;\n      flex-direction: column;\n      justify-content: center;\n      align-items: center;\n      width: 100%;\n      gap: 50px;\n      margin-top: 50px;\n      margin-bottom: 120px;\n  \n  }\n\n  .sistema {\n      display: flex;\n      width: 100%;\n      text-align: center;\n      width: 800px;\n      max-width: 100%;\n      gap: 25px;\n\n  }\n\n  \/*IMAGENS*\/\n\n  .contato img {\n      width: 13rem;\n      height: 9rem;\n  }\n\n  .sistema img {\n      width: 144px;\n      height: 144px;\n      object-fit: cover;\n      border-radius: 25%;\n      -webkit-box-shadow: 7px 7px 6px -8px rgba(0,0,0,0.71);\n      -moz-box-shadow: 7px 7px 6px -8px rgba(0,0,0,0.71);\n      box-shadow: 7px 7px 6px -8px rgba(0,0,0,0.71);\n  }\n\n  \/*MEDIA QUERIES*\/\n\n  @media only screen and (max-width : 480px) {\n\n      .btns,\n      .cards,\n      .contatos {\n          flex-direction: column;\n          align-items: center;\n      }\n\n      .botoes-principais {\n          width: 14rem;\n      }\n\n      .card {\n          width: 70%;\n      }\n\n      .contatos {\n          margin-top: 2rem;\n          align-items: center;\n          justify-content: center;\n      }\n\n      .contato {\n          width: 70%;\n          margin-top: 1rem;\n      }\n\n      .contato img {\n          width: 8rem;\n          height: 7rem;\n      }\n\n      .sistemas {\n          display: flex;\n          flex-wrap: wrap;\n          margin-top: 2rem;\n          align-items: center;\n          justify-content: center;\n          width: 100%;\n      }\n\n      .sistema {\n          width: 270px;\n          margin-top: 1rem;\n          flex-direction: column;\n      }\n\n      .sistema img {\n          width: 8rem;\n          height: 7rem;\n      }\n\n      .principal {\n          padding: 0;\n          text-align: center;\n          padding: 0 1rem 0 1rem;\n      }\n  }\n<\/style>\n\n\n","protected":false},"excerpt":{"rendered":"<p>O portal comvoce.unifagoc foi desenvolvido para orientar os colaborados, alunos e professores na utiliza\u00e7\u00e3o dos sistemas adotados pelo Unifagoc. Aqui voc\u00ea encontrar\u00e1 tutoriais para auxiliar na execu\u00e7\u00e3o de processos, um &#8230;<\/p>\n","protected":false},"author":6,"featured_media":0,"parent":0,"menu_order":0,"comment_status":"closed","ping_status":"closed","template":"template-frontpage.php","meta":{"footnotes":""},"class_list":["post-30","page","type-page","status-publish","hentry"],"_links":{"self":[{"href":"https:\/\/comvoce.unifagoc.edu.br\/index.php?rest_route=\/wp\/v2\/pages\/30","targetHints":{"allow":["GET"]}}],"collection":[{"href":"https:\/\/comvoce.unifagoc.edu.br\/index.php?rest_route=\/wp\/v2\/pages"}],"about":[{"href":"https:\/\/comvoce.unifagoc.edu.br\/index.php?rest_route=\/wp\/v2\/types\/page"}],"author":[{"embeddable":true,"href":"https:\/\/comvoce.unifagoc.edu.br\/index.php?rest_route=\/wp\/v2\/users\/6"}],"replies":[{"embeddable":true,"href":"https:\/\/comvoce.unifagoc.edu.br\/index.php?rest_route=%2Fwp%2Fv2%2Fcomments&post=30"}],"version-history":[{"count":89,"href":"https:\/\/comvoce.unifagoc.edu.br\/index.php?rest_route=\/wp\/v2\/pages\/30\/revisions"}],"predecessor-version":[{"id":11148,"href":"https:\/\/comvoce.unifagoc.edu.br\/index.php?rest_route=\/wp\/v2\/pages\/30\/revisions\/11148"}],"wp:attachment":[{"href":"https:\/\/comvoce.unifagoc.edu.br\/index.php?rest_route=%2Fwp%2Fv2%2Fmedia&parent=30"}],"curies":[{"name":"wp","href":"https:\/\/api.w.org\/{rel}","templated":true}]}}